 s.
11
Let z(a) = a**3 + 43*a**2 - 11*a - 173. Let g be z(-43). Calculate the greatest common factor of 330 and g.
30
Let d(h) = -h**3 - h**2 + 3*h - 3. Let x be d(-3). Let k = -184 + 328. Suppose 0 = -5*q + 20, 5*f - 122 - k = q. What is the highest common divisor of f and x?
6
Suppose -4*z + 24 = 3*o, 5 = -z + 8. Suppose o*p + 178 = 186. Calculate the greatest common factor of 16 and p.
2
Suppose w + 4*d - 11 - 30 = 0, -w + d + 21 = 0. Let m be (w/5)/(-5) - -27. Calculate the highest common divisor of 234 and m.
26
Let j be 9/((-32)/112 - (-2)/4). Let o be (-88)/(-14) + (-2)/7. What is the highest common factor of o and j?
6
Suppose 0 = -4*w + 20, -5*l - 5*w = -2*l - 85. Let a be 4*(-5)/(l/(-91)). What is the greatest common divisor of a and 13?
13
Let t be (4/30)/(4/(-20))*-15. Let z be t/(3 + -1) - -160. Calculate the highest common divisor of z and 15.
15
Let w(q) = -5*q**2 + 11*q + 8. Let s be w(-4). Let x = 286 + s. What is the highest common divisor of 10 and x?
10
Suppose -3*k = 3*y - 96, 3*y + 50 = 5*k - 142. Suppose -l + 25 = 4*t, 214 - 24 = 4*l - 2*t. What is the highest common factor of k and l?
9
Let l(q) = q**2 - 14*q + 42. Let t be l(3). Calculate the highest common factor of t and 747.
9
Suppose 0 = -b + 2*w + 106 + 654, 5*b - 3780 = 5*w. Calculate the highest common divisor of 141 and b.
47
Let j = -269 + 357. Let o be 131 - -3 - (-2)/(-1). What is the highest common divisor of j and o?
44
Suppose -t + 127 = 5*a, -30*a = -34*a - 4*t + 108. Let n(x) = 4*x**2 + 5*x + 6. Let l be n(-4). What is the highest common divisor of a and l?
25
Let u = 51 - 48. Let i be ((-2 - -1)*(u - -2))/(-1). What is the highest common factor of 10 and i?
5
Let z be ((-119)/(-34))/(-3 + 1407/468). Calculate the greatest common factor of 84 and z.
42
Let d = -76 - -112. Let w = -3817 - -3889. Calculate the highest common factor of w and d.
36
Let n(w) = w**3 - 10*w**2 + 5*w - 11. Let y be (-129)/(-12) - 9/12. Let v be n(y). Let b be 84/v + 4/(-26). What is the highest common factor of 5 and b?
1
Let p(j) = j**2 + 3*j - 8. Let b be p(-4). Let x be ((-3)/5)/(b/40). What is the highest common factor of 9 and x?
3
Suppose 2*d = -4*p + 26, 0 = -5*d - 3*p + 46 + 5. Calculate the highest common factor of 81 and d.
9
Suppose 5*x - 5*c = 0, -2*c = x - 7*c + 8. Let k be (-1)/1 - (x + -201). Calculate the greatest common divisor of 22 and k.
22
Let c(k) = 31*k**3 - 17*k**2 + 31*k**3 - 63*k**3 - 13 - 15*k. Let b be c(-17). Calculate the greatest common divisor of 22 and b.
22
Suppose 5*s = -25, -m + 2*s = 3 - 9. Let o(x) = -5*x - 2. Let d be o(m). Suppose d = 2*a + 10. What is the greatest common factor of 4 and a?
4
Suppose 7*i + 1714 = 503. Let z = -85 - i. What is the highest common factor of 11 and z?
11
Let f = -10 + 30. Suppose 0 = -116*d + 133*d - 1700. Calculate the greatest common factor of d and f.
20
Let j(b) = -b**3 + 13*b**2 + 14*b + 2. Let m be j(14). Suppose -5 = m*f - 15. Calculate the highest common divisor of f and 10.
5
Suppose -j - 2*l = -211, 0 = -5*j + 2*l - 0*l + 1019. Calculate the greatest common factor of j and 41.
41
Let m(z) = z + 12. Let a be m(-8). Let t = 5 - a. Let w(y) = y**2 + 1. Let g be w(3). What is the greatest common divisor of t and g?
1
Let v = -92 - -116. Let j be 1 - -7 - (-15)/(90/v). Calculate the highest common divisor of 132 and j.
12
Suppose -6*s = l - 2*s - 55, 0 = 3*s + 9. What is the greatest common divisor of l and 737?
67
Let o(w) = 5*w**2 - 2*w - 20. Let c be o(5). Suppose 176 = 7*z - 90. Calculate the highest common divisor of z and c.
19
Let y be (-130)/(-2) + (1 - 0). Let m(u) = 11*u**2 + u - 3. Let h be m(3). Calculate the greatest common factor of y and h.
33
Suppose -7*b + 43 + 153 = 0. Suppose -3*x - x + 20 = 3*h, 2*h = x + b. What is the greatest common divisor of 60 and h?
12
Let w be (-19 - -1)*(-4)/6. Let t = 263 - 259. What is the greatest common divisor of w and t?
4
Let j = 41 + -23. What is the greatest common divisor of j and 144?
18
Let b be ((-6)/(-4))/(3/4). Suppose 4*q - b*q = 58. Suppose -2*l - 961 = -3*r, 4*r - 1266 = -11*l + 6*l. Calculate the greatest common divisor of r and q.
29
Let j be 62*1 - (2 - 0). Let a(v) = v**3 + 2*v**2 - 7. Let u be a(3). Suppose 0 = 39*s - u*s - 12. Calculate the highest common factor of j and s.
12
Let w(r) = r**3 + 26*r**2 + 4*r + 36. Let k be w(-25). What is the greatest common divisor of 51 and k?
51
Let g = 1869 - 1260. Calculate the highest common factor of g and 87.
87
Let x be (-1536)/(-15) + (-12)/30. What is the greatest common factor of x and 51?
51
Let n = -6 + 24. Suppose -3*l + 4*l - 18 = -5*g, -g = -5*l - 14. Let j be l/4 + 110/4. What is the highest common factor of j and n?
9
Let f(b) = 8*b**2 - 2*b + 7. Let q be f(-3). Let s = q - -27. Calculate the greatest common divisor of s and 16.
16
Let v = -19 + 24. Suppose -v*b + 23 = -217. What is the greatest common factor of b and 8?
8
Let h(m) = 2*m. Let w be h(4). Suppose -3 - 2 = 5*r. Let k be (-1)/(1 + (r - 1)). What is the highest common divisor of k and w?
1
Let u be 25 + (-1 - -1) - 1. Let z be ((-69)/(-6))/(4/u). Calculate the greatest common divisor of z and 46.
23
Let r(k) = -k**3 + 2*k**2 + 13*k + 28. Let t be r(-2). What is the greatest common factor of 8 and t?
2
Suppose -6010*z - 924 = -6021*z. Calculate the greatest common factor of 350 and z.
14
Let r(d) = 2*d - 40. Let n be r(0). Let h be ((-2)/5)/(8/n). Suppose 4*x - 5*v + 12 = -5, -5*v + 29 = h*x. Calculate the highest common divisor of 1 and x.
1
Let k(o) = -12*o - 147. Let r be k(-14). Calculate the highest common factor of 77 and r.
7
Let s(u) = 12*u**2 - 25*u + 102. Let o be s(7). What is the highest common factor of 412 and o?
103
Let i(h) = h**3 + 12*h**2 + h + 16. Let c be i(-12). Suppose 2*w + 2 = -c. Let u(o) = -14*o - 2. Let p be u(w). What is the greatest common factor of p and 10?
10
Suppose 2*x = -2*y + 72, 5*x = 6*x - 2*y - 21. What is the highest common divisor of x and 3?
1
Let v = 63 + -29. Suppose 3*u - 145 = -v. Suppose -197 = -2*k - u. Calculate the greatest common divisor of 10 and k.
10
Let s(f) = f**3 - f**2 - 7*f + 4. Let l be s(4). Calculate the greatest common factor of l and 372.
12
Let b be 2/9 - (-1 + (-66008)/72). What is the greatest common divisor of b and 54?
54
Suppose 0 = 7*q + 200 - 1775. What is the highest common factor of 75 and q?
75
Let r(d) = -d**3 + 2. Let w be r(0). Let o be ((-3)/w)/((-15)/560). Calculate the greatest common factor of 7 and o.
7
Let w = 16 - 12. Suppose 4 = -w*t + 12. Suppose y = t*y - 3. Calculate the highest common factor of y and 6.
3
Let b be 18120/(-1057)*(-1)/(3/28). What is the greatest common factor of 352 and b?
32
Let f = -8 - -29. Suppose 5*g - 191 = -3*b, 3*b - 60 = 3*g + 99. Suppose 3*u - b = -f. What is the greatest common divisor of 12 and u?
12
Suppose -2*r + 48 = 2*r. Suppose 416 = -7*c + 444. What is the highest common divisor of r and c?
4
Let y be (72/(-15))/((-5)/125). Suppose v = -3*v - y. Let i = -26 - v. Calculate the highest common divisor of i and 12.
4
Let p(w) = 4*w**3 + 2*w**2 + 4*w - 3. Let r(d) = -d**2 + 3*d. Let k be r(2). Let c be p(k). What is the highest common factor of c and 9?
9
Let s(y) = -2*y + 4. Let b be s(-3). Suppose 0 = 3*z - 7*z - 4, -2*z = 2*l - 2. Calculate the greatest common factor of b and l.
2
Let n be (-1 + 0)*4*-1. Suppose 6*q - 33 = 39. Suppose 0 = 2*i - 4 - q. What is the highest common divisor of n and i?
4
Let z(o) = -o**3 - 51*o + 3*o**2 + 3 + 2*o**3 + 49*o. Let p be z(-3). Calculate the highest common factor of 9 and p.
9
Suppose -b + 4 = 5*p - 3*p, 4*b - 20 = -4*p. Let r = b + 13. Let g(f) = -24*f + 8. Let m be g(-6). Calculate the greatest common divisor of r and m.
19
Suppose 0 = 2*b + 2*a, 0*a + 4*a = -2*b - 8. Suppose -b*p + 2*s = -56 - 46, 0 = 2*s + 6. Calculate the greatest common divisor of 6 and p.
6
Let f = 1 + 1. Suppose -2*i = -5*u + 3, 0 = 2*i - 3*u + 1. Let q be (-1)/f*(i + -39). What is the greatest common factor of 19 and q?
19
Let y be (-1)/((-162)/159 - -1). Let x = -33 + y. Calculate the greatest common factor of x and 50.
10
Let d be 1/(68320/(-7592) - -9). Calculate the highest common factor of d and 26.
13
Suppose -r = 3*g - 5*g - 4, 0 = -r + 4*g - 2. Let n(p) = 6*p**2 + 5*p + 1. L